 divisor of 60 and 395.
5
What is the greatest common factor of 1886 and 368?
46
What is the highest common factor of 72 and 288?
72
What is the greatest common factor of 266 and 700?
14
Calculate the highest common factor of 15888 and 16.
16
What is the greatest common divisor of 16 and 136?
8
What is the highest common divisor of 148 and 172?
4
What is the highest common factor of 930 and 120?
30
What is the greatest common factor of 19 and 513?
19
What is the highest common factor of 375 and 9?
3
Calculate the greatest common factor of 69 and 12.
3
What is the greatest common divisor of 1227 and 3?
3
Calculate the highest common factor of 3670 and 50.
10
What is the highest common divisor of 1113 and 42?
21
What is the greatest common factor of 36 and 396?
36
What is the greatest common divisor of 2817 and 36?
9
What is the greatest common factor of 154 and 3157?
77
What is the highest common divisor of 2 and 3953?
1
Calculate the greatest common factor of 46 and 16.
2
Calculate the greatest common divisor of 9120 and 285.
285
Calculate the highest common factor of 60 and 5340.
60
What is the greatest common factor of 1085 and 35?
35
Calculate the highest common divisor of 24 and 252.
12
What is the greatest common factor of 1455 and 15?
15
What is the greatest common factor of 24 and 8880?
24
What is the greatest common factor of 1869 and 147?
21
Calculate the highest common divisor of 12045 and 660.
165
Calculate the highest common divisor of 976 and 61.
61
What is the greatest common factor of 52 and 2717?
13
What is the greatest common divisor of 224 and 616?
56
Calculate the greatest common factor of 1740 and 240.
60
What is the highest common factor of 1219 and 53?
53
Calculate the highest common factor of 35 and 490.
35
What is the greatest common factor of 62 and 6386?
62
What is the greatest common divisor of 35 and 8260?
35
What is the highest common factor of 10002 and 6?
6
Calculate the highest common factor of 308 and 77.
77
What is the highest common factor of 60 and 9580?
20
Calculate the greatest common factor of 650 and 208.
26
Calculate the greatest common divisor of 834 and 6.
6
What is the greatest common factor of 450 and 5?
5
What is the highest common divisor of 438 and 2993?
73
Calculate the highest common divisor of 1310 and 10.
10
Calculate the greatest common factor of 2104 and 8.
8
What is the highest common factor of 29 and 1?
1
Calculate the greatest common divisor of 26 and 299.
13
Calculate the highest common factor of 13396 and 85.
17
Calculate the highest common divisor of 224 and 1696.
32
Calculate the greatest common divisor of 2652 and 1088.
68
Calculate the greatest common divisor of 80 and 1184.
16
Calculate the greatest common divisor of 999 and 27.
27
Calculate the greatest common factor of 22 and 539.
11
What is the highest common factor of 26908 and 124?
124
What is the highest common divisor of 35 and 6685?
35
What is the greatest common divisor of 112 and 1260?
28
What is the highest common factor of 31 and 93?
31
What is the greatest common factor of 1128 and 48?
24
Calculate the highest common factor of 9 and 21213.
9
Calculate the greatest common factor of 62 and 6.
2
Calculate the highest common factor of 66 and 1793.
11
What is the greatest common factor of 943 and 46?
23
What is the highest common divisor of 562 and 4?
2
What is the highest common factor of 28 and 3773?
7
What is the greatest common factor of 100 and 1700?
100
What is the greatest common factor of 14575 and 55?
55
What is the highest common divisor of 1287 and 55?
11
What is the greatest common factor of 306 and 18?
18
What is the greatest common divisor of 24 and 15?
3
What is the highest common divisor of 540 and 8?
4
What is the greatest common factor of 44 and 76?
4
Calculate the highest common factor of 8 and 904.
8
Calculate the greatest common factor of 34099 and 43.
43
What is the highest common factor of 244 and 183?
61
What is the highest common divisor of 245 and 1400?
35
What is the greatest common factor of 372 and 1178?
62
Calculate the greatest common divisor of 21 and 69.
3
What is the greatest common divisor of 30 and 2505?
15
What is the highest common factor of 499 and 1?
1
What is the highest common factor of 24 and 6240?
24
Calculate the highest common divisor of 44 and 1133.
11
Calculate the highest common factor of 2520 and 35.
35
What is the highest common divisor of 37 and 74?
37
What is the greatest common divisor of 80 and 18?
2
What is the greatest common divisor of 93 and 15?
3
Calculate the highest common factor of 496 and 976.
16
Calculate the highest common divisor of 13 and 117.
13
Calculate the highest common divisor of 5088 and 300.
12
What is the greatest common factor of 10 and 3085?
5
Calculate the highest common factor of 59 and 1121.
59
Calculate the greatest common factor of 5085 and 60.
15
Calculate the highest common divisor of 81 and 135.
27
Calculate the greatest common divisor of 9 and 477.
9
Calculate the greatest common divisor of 44 and 1892.
44
Calculate the greatest common factor of 100 and 125.
25
Calculate the greatest common divisor of 13 and 637.
13
What is the greatest common factor of 165 and 528?
33
Calculate the greatest common factor of 9104 and 144.
16
What is the greatest common factor of 190 and 470?
10
Calculate the greatest common factor of 24 and 408.
24
What is the greatest common divisor of 90 and 162?
18
Calculate the highest common factor of 30 and 390.
30
What is the greatest common factor of 312 and 30888?
312
Calculate the highest common divisor of 7835 and 25.
5
What is the highest common divisor of 749 and 56?
7
What is the greatest common factor of 63 and 147?
21
Calculate the greatest common factor of 62 and 403.
31
Calculate the highest common divisor of 9 and 31.
1
What is the greatest common divisor of 6 and 6730?
2
Calculate the highest common divisor of 10 and 18.
2
What is the greatest common divisor of 357 and 2618?
119
Calculate the greatest common factor of 10350 and 30.
30
Calculate the greatest common divisor of 782 and 68.
34
What is the greatest common factor of 13197 and 159?
159
What is the highest common divisor of 86 and 7955?
43
Calculate the greatest common factor of 35 and 14.
7
What is the highest common divisor of 51 and 1377?
51
What is the greatest common divisor of 2 and 676?
2
Calculate the greatest common factor of 40 and 40.
40
Calculate the highest common divisor of 415 and 2407.
83
What is the highest common factor of 252 and 24?
12
What is the highest common factor of 2773 and 141?
47
Calculate the greatest common divisor of 58045 and 95.
95
What is the highest common divisor of 344 and 7740?
172
What is the highest common factor of 200 and 500?
100
What is the highest common divisor of 2 and 278?
2
What is the highest common factor of 217 and 1099?
7
What is the greatest common factor of 29 and 29?
29
What is the greatest common divisor of 456 and 4752?
24
Calculate the highest common factor of 312 and 48.
24
What is the highest common factor of 161 and 184?
23
What is the greatest common factor of 210 and 910?
70
Calculate the greatest common factor of 8010 and 1440.
90
What is the highest common divisor of 5 and 185?
5
Calculate the greatest common divisor of 66 and 42.
6
What is the highest common factor of 820 and 60?
20
What is the greatest common factor of 156 and 768?
12
Calculate the greatest common divisor of 2898 and 18.
18
Calculate the greatest common factor of 8 and 2780.
4
Calculate the greatest common factor of 1649 and 194.
97
Calculate the greatest common divisor of 68 and 8.
4
What is the highest common factor of 527 and 17?
17
What is the greatest common factor of 608 and 76?
76
What is the greatest common factor of 576 and 216?
72
Calculate the greatest common divisor of 1592 and 64.
8
Calculate the highest common divisor of 17 and 136.
17
Calculate the highest common factor of 27 and 621.
27
What is the greatest common divisor of 18 and 2934?
18
What is the greatest common factor of 130 and 104?
26
Calculate the highest common factor of 78 and 1443.
39
Calculate the greatest common factor of 70 and 238.
14
Calculate the greatest common factor of 156 and 78.
78
Calculate the greatest common d